133
ef1cc (base 16) to base 6
32554140
What is 20229 (base 13) in base 15?
12080
-4857428 (base 11) to base 16
-810dd8
Convert -201112020 (base 4) to base 10.
-136584
-38453 (base 12) to base 4
-102231333
What is -17534 (base 16) in base 9?
-155045
Convert 1110011011110110100 (base 2) to base 14.
c4548
Convert 103211250 (base 6) to base 14.
35b526
-332101131 (base 4) to base 7
-2111433
Convert -322412320 (base 5) to base 9.
-2522152
Convert 11100010011010110100 (base 2) to base 16.
e26b4
Convert 210330042 (base 5) to base 15.
122e82
Convert 67a82 (base 13) to base 14.
4c9d3
What is -b2513 (base 14) in base 10?
-429061
5328749 (base 10) to base 16
514f6d
4228e1 (base 15) to base 3
12220220120111
a23847 (base 12) to base 5
1122124213
10200220101001 (base 3) to base 15
28c974
What is -1329916 (base 10) in base 5?
-320024131
Convert 12630606 (base 7) to base 13.
31b357
Convert -5567c (base 14) to base 11.
-131650
What is -3aaa283 (base 11) in base 7?
-114136460
What is 2870187 (base 11) in base 6?
253431401
211212001 (base 3) to base 9
24761
What is 5704620 (base 9) in base 6?
145515200
Convert 2d85d5 (base 14) to base 11.
9a1807
451025 (base 7) to base 2
10011011011101011
Convert -14357056 (base 8) to base 4.
-30131320232
Convert -240451023 (base 6) to base 10.
-4516791
Convert -497433 (base 12) to base 9.
-2220683
Convert 2230130302 (base 5) to base 15.
674c87
What is -40a807 (base 12) in base 9?
-1814557
-100cb32 (base 14) to base 13
-174b243
314341222 (base 5) to base 12
53a642
1421024044 (base 5) to base 2
1110000100101100111010
-213304040 (base 5) to base 12
-382215
Convert -c4a5d (base 14) to base 15.
-956ab
Convert 162299 (base 12) to base 2.
1011100000100010101
-1000100011110111110 (base 2) to base 3
-112020210021
Convert 6564526 (base 8) to base 14.
33ca46
Convert -31470 (base 14) to base 13.
-42152
-442108 (base 15) to base 2
-1100011000101110000111
What is 100100011110111001 (base 2) in base 15?
2e423
Convert -535b2a (base 14) to base 16.
-2b08ba
What is 2113241 (base 5) in base 9?
53554
What is 56db76 (base 14) in base 16?
2d20ec
-12544033 (base 7) to base 13
-315289
11010000100010110 (base 2) to base 16
1a116
What is 451323435 (base 6) in base 12?
28b057b
Convert -200672 (base 8) to base 14.
-1a08a
What is -22112024 (base 5) in base 7?
-1425231
Convert 2023133 (base 6) to base 10.
96609
What is 168db (base 15) in base 8?
216261
What is 1011201010 (base 3) in base 7?
124251
-2626213 (base 8) to base 3
-1101012112012
Convert -11310121111 (base 4) to base 6.
-52405421
-2552454 (base 7) to base 5
-41113014
Convert -387308 (base 9) to base 5.
-30004424
Convert -954a8c (base 14) to base 11.
-293688a
Convert -22361035 (base 7) to base 11.
-1110278
-1203743 (base 8) to base 2
-1010000011111100011
Convert -385d (base 14) to base 15.
-2ddd
What is -167635 (base 9) in base 13?
-3847a
10111132111 (base 4) to base 7
12442336
Convert -710067 (base 15) to base 16.
-51e24b
What is -103302b (base 12) in base 4?
-23221131203
Convert 4c14 (base 13) to base 2.
10101001010001
Convert 12300101 (base 5) to base 6.
2313520
-6463201 (base 7) to base 15
-108a21
-1232222320 (base 4) to base 7
-3565405
Convert -12121214431 (base 5) to base 10.
-14241866
Convert 176a0e (base 16) to base 9.
2787815
Convert 446204 (base 8) to base 2.
100100110010000100
1743966 (base 11) to base 13
7c9651
Convert -41de8 (base 16) to base 9.
-451077
75e5d4 (base 15) to base 3
101120101112001
83582 (base 11) to base 12
5a5b4
What is 16608 (base 10) in base 8?
40340
Convert -212022110022 (base 3) to base 8.
-1600171
What is -3725a (base 16) in base 7?
-1630356
-615a5a (base 15) to base 11
-267a712
What is -29304 (base 12) in base 16?
-e074
What is -1373084 (base 10) in base 6?
-45232512
Convert 1109536 (base 12) to base 3.
20010011201020
Convert 2211202210011 (base 3) to base 2.
101110000111010010011
What is 2122521 (base 6) in base 9?
168064
-42748 (base 12) to base 7
-512666
What is 11165 (base 14) in base 9?
62760
What is -d03e7 (base 15) in base 2?
-10100000111001001001
1012010210022220 (base 3) to base 6
1410033210
Convert -1abcb1 (base 13) to base 6.
-22351054
3044413321 (base 5) to base 12
2113875
-3131352 (base 8) to base 4
-3023023222
24501764 (base 9) to base 4
231232311031
What is -111310230 (base 4) in base 13?
-318c0
Convert -42952 (base 13) to base 4.
-131112202
-93140 (base 10) to base 9
-151678
What is 145231434 (base 6) in base 2?
1011101001001110101110
Convert 11011010001110111 (base 2) to base 4.
123101313
78879 (base 10) to base 7
445653
-101001111101110 (base 2) to base 10
-21486
Convert -1010022000012 (base 3) to base 16.
-91967
What is -13122411 (base 6) in base 9?
-726017
Convert 329817 (base 10) to base 9.
552373
What is -12c1b87 (base 13) in base 10?
-5916294
What is 34114324 (base 6) in base 11?
648806
-52523023 (base 6) to base 3
-2212222210120
-407616 (base 8) to base 4
-200332032
What is -18390 (base 15) in base 3?
-10222121000
What is b67001 (base 13) in base 8?
20225571
-10090 (base 10) to base 9
-14751
-210883 (base 9) to base 8
-364706
Convert -b2137 (base 15) to base 2.
-10001001101010111110
-6241562 (base 7) to base 13
-203348
-411050 (base 7) to base 6
-1300035
What is -202033322 (base 4) in base 6?
-3001242
What is -a8058 (base 11) in base 2?
-100110010111000001
What is 16262344 (base 7) in base 10?
1578322
Convert 117472 (base 10) to base 2.
11100101011100000
37452 (base 9) to base 12
12685
Convert -49673 (base 10) to base 4.
-30020021
Convert -122222210121 (base 3) to base 10.
-354148
Convert -21a9a14 (base 11) to base 4.
-32233103223
2717b88 (base 12) to base 11
4412470
What is 18536853 (base 9) in base 2?
100011101011110011111111
What is -64a635 (base 12) in base 16?
-185309
Convert -854a96 (base 11) to base 3.
-2120111220000
-70366 (base 16) to base 15
-912b7
What is 2004543 (base 8) in base 10?
526691
What is 21020404 (base 5) in base 2?
101010010010101101
What is 40161006 (base 8) in base 2?
100000001110001000000110
294866 (base 12) to base 9
1264746
-4107226 (base 9) to base 2
-1000010110101100010110
What is -2b66b2 (base 14) in base 8?
-5620764
Convert 1202233103 (base 4) to base 15.
7ec75
Convert 1255724 (base 8) to base 9.
584658
What is 16447 (base 16) in base 8?
262107
2036136 (base 7) to base 9
412516
Convert -56381 (base 11) to base 9.
-133884
What is -ec4117 (base 15) in base 12?
-3927a41
What is 456454 (base 7) in base 16?
13e76
Convert 130131320 (base 5) to base 10.
630210
34a1a94 (base 11) to base 7
102626260
What is -103302212332 (base 4) in base 5?
-2312004110
100111011001110110 (base 2) to base 11
100296
What is -23000320 (base 4) in base 6?
-544504
23032223 (base 4) to base 7
251045
What is 100112041 (base 5) in base 7?
3232400
200011102 (base 3) to base 9
20142
What is 3341253 (base 6) in base 10?
168801
What is 80983c (base 13) in base 9?
5558531
Convert 420013143 (base 5) to base 6.
100510010
-11022332 (base 4) to base 15
-6422
-4603120 (base 7) to base 15
-b498a
3331202 (base 5) to base 14
17366
-896696 (base 11) to base 6
-50343414
What is 2f6715 (base 16) in base 5?
1243402311
What is -5103151 (base 6) in base 11?
-155712
What is -1972c (base 15) in base 4?
-110022321
-324242402 (base 5) to base 13
-3a0154
Convert -1025711 (base 12) to base 15.
-3eed47
What is 514334314 (base 6) in base 16?
87b1a6
-50346 (base 11) to base 13
-2767c
What is -212201210021000 (base 3) in base 12?
-4282b76
What is 111011010110110000110 (base 2) in base 6?
105404250
100110100011010 (base 2) to base 3
1000002001
Convert -1330144 (base 7) to base 8.
-526372
802106 (base 12) to base 13
54a94a
What is -44420053 (base 6) in base 5?
-320340342
Convert -112103333 (base 4) to base 7.
-530306
Convert -911854 (base 12) to base 3.
-11020222111001
Convert -5245 (base 6) to base 10.
-1181
Convert 250f (base 16) to base 3.
111000101
234305 (base 8) to base 15
18ace
-10101000100100101101001 (base 2) to base 6
-314221121
Convert -7b097 (base 12) to base 9.
-270307
Convert -139ac4 (base 14) to base 9.
-1245574
Convert 20b49 (base 13) to base 11.
403a5
Convert -3213112132 (base 4) to base 11.
-597a58
-185928 (base 15) to base 16
-120e51
What is -334104 (base 7) in base 16?
-e6a9
What is 2310250 (base 7) in base 3?
112122102001
-54305141 (base 6) to base